1 + 8 - 5)
2
What is -1 + -4 + -4 + 9?
0
Calculate (5 - (4 - 3 - -4)) + 1.
1
What is the value of -6 + (-3 - -4) - -3?
-2
Calculate (-3 - ((-4 - -1) + 1)) + -1.
-2
Calculate 7 + (-6 + 1 + 5 - -2).
9
-9 - -1 - (96 - 100)
-4
What is 0 + -3 + 3 - 5?
-5
What is the value of -3 - -2 - (1 - 3)?
1
-1 + (-3 - (-3 + -1)) - 3
-3
What is the value of 0 - (-5 - (-1 + 1))?
5
What is -1 + (5 + (-3 - -1) - 3)?
-1
Evaluate -1 - (2 - 4 - -3) - -4.
2
What is -9 + (-7 - (0 - 15))?
-1
Evaluate -3 + (10 - (5 - -1)).
1
Evaluate (1 - -2) + -18 + 18.
3
What is -1 + 8 - (9 - 3)?
1
Evaluate -3 + (0 - 1 - -7).
3
What is the value of 17 + 5 + -1 + (-48 - -37)?
10
Evaluate -2 + 3 + 0 - (-7 - -9).
-1
4 - (-14 + 38 - 11)
-9
Calculate (1 - 4) + (-1 - (8 + -13)).
1
2 + 0 - (-10 + 9)
3
What is 3 - (3 + -2) - (-2 + 2)?
2
What is the value of 0 + (4 - (3 + -2 - 0))?
3
Calculate 0 + (6 - 3) - 8.
-5
Evaluate 3 + -7 - 0 - -9.
5
Calculate -24 + -8 - -28 - (5 - 0).
-9
Evaluate 7 + 2 + (-1 - 0) + -7.
1
Calculate 7 + 0 + (-6 - 3).
-2
Calculate -2 + (1 - -11 - 4) + -3.
3
What is -7 + 0 + (4 - -2)?
-1
-2 + 1 + (-1 - 2) + -1
-5
What is (3 - 10) + 6 + (0 - -2)?
1
What is -1 - 1 - (1 - (13 + -15))?
-5
What is the value of 8 + -4 + (8 + -29 - -8)?
-9
Evaluate 11 + -1 - (-66 - -82).
-6
-4 + (-3 - -8) - (-3 + 8)
-4
1 + -2 + 25 + -8 + -17
-1
Evaluate 5 + (3 - 2) + -3 + 3.
6
What is 2 + (-3 + 0 - -5 - 1)?
3
Evaluate -3 + 6 + 5 + (-9 - -3).
2
-4 + (-3 + 4 - -6)
3
What is the value of -9 + (0 - 1 - -3)?
-7
What is -9 + 3 - (-3 - -2)?
-5
2 + -3 + 4 + 5 + -1
7
What is 2 + 0 + (-34 - -31)?
-1
What is 4 + 2 + (-15 - -16)?
7
What is -7 + 6 + (-9 - -14)?
4
What is the value of 3 + (-4 - (-7 - -5))?
1
-4 + -4 + (2 + -3 - -9)
0
What is the value of -4 + (10 - 7 - 3)?
-4
(-4 - (0 + (-6 - -3))) + 6
5
Calculate 2 + -4 + 1 + -4.
-5
What is the value of -4 + 21 - (5 - -5)?
7
Evaluate -8 - (1 - 1 - -3 - 4).
-7
What is -1 - (-4 - (-4 + -1)) - 2?
-4
-7 + 2 + (0 - 3) + 7
-1
Evaluate -7 + -10 + 18 - 8.
-7
What is 1 + (-3 - (4 - (3 + 6)))?
3
-4 + -2 + (6 - 1)
-1
What is -6 - (-9 + -1 + 10)?
-6
What is 4 - -1 - (-3 - (-4 + -13))?
-9
Calculate (-1 - (8 - 3)) + (-1 - -3).
-4
What is the value of 0 + -2 + 1 - 4?
-5
Evaluate (126 - 124) + (2 - 0).
4
Evaluate 8 + -5 - (-2 - -8) - -5.
2
Evaluate -1 - (11 - (6 - -4)).
-2
Evaluate 8 + -13 + 22 + -11.
6
Calculate 0 + 0 + -3 + 2 - 0.
-1
(0 - 0 - -4) + (1 - 3)
2
What is the value of 9 - (0 + (-2 + 1 - -5))?
5
What is the value of -2 + 4 + -1 + -4?
-3
2 - (-1 + -2 + 7)
-2
Evaluate (1 - 1) + (2 - 6).
-4
What is 1 + 1 + -3 + (7 - 4)?
2
-3 + (-2 - -3 - (1 + -6))
3
What is the value of (-9 - -10) + 5 + 0 + -4?
2
Evaluate 1 + (0 - -4) + 1.
6
Calculate -1 - (-2 - (-7 + 2) - 0).
-4
What is the value of -6 + (-1 - -1 - -1) + 3?
-2
What is 8 - (4 + -3 - -3)?
4
Calculate 3 + -2 + 2 + (0 - 2).
1
What is 8 + -2 + (10 - (0 + 13))?
3
What is (-1 - -2) + 5 + -12 + 5?
-1
Evaluate -2 + (7 - 6) + 6 + -9.
-4
Calculate 0 - 3 - -1 - -1.
-1
What is the value of -3 - (5 + -7 - -4)?
-5
What is the value of 15 + -6 + 1 + -7?
3
What is 15 + (-7 + -7 - -2)?
3
What is the value of 5 + (0 - (4 + 0)) - 3?
-2
Evaluate 6 - (-2 + (-6 - -6 - -3)).
5
-6 - (-7 - 1 - -8)
-6
Calculate 2 + 3 + 3 + -4.
4
Calculate (-5 + 0 - 1 - -3) + 6.
3
Calculate 0 + -4 - 2 - (-10 + 2).
2
Evaluate (5 - -5 - 8) + 7.
9
-2 - (4 - 6) - 0
0
Evaluate 9 - (1 + 1 - -9).
-2
What is -6 - (3 + -1 + -6)?
-2
3 - 2 - 0 - -1
2
13 + -9 + 0 + -2
2
Evaluate 4 - (7 - (2 - (7 + -3))).
-5
What is (2 - (-5 - -8 - 7)) + -1?
5
What is -6 + (1 - -3) - (2 + 0)?
-4
What is 5 + (4 - (8 - 5))?
6
What is the value of 5 - 2 - (1 + -8 + 8)?
2
Calculate 2 - 1 - (-3 - -3).
1
Evaluate -4 + 6 + 8 + -8.
2
Calculate (-4 + 2 - (5 - 5)) + -3.
-5
14 + -20 - (-5 - 0)
-1
Evaluate -1 + -6 - -15 - 3.
5
What is the value of (1 - (-1 + (3 - 0))) + 1?
0
(-52 - -41) + 1 + 13
3
(-7 - (1 - 10)) + -8
-6
-2 + 4 + 3 + -4
1
What is the value of -8 - (-7 + (-2 - -5))?
-4
What is the value of 3 - (0 + 3 - -2)?
-2
What is 5 - (-24 + 20 - (1 + -4))?
6
What is -2 + -1 + -2 + 10?
5
-7 + 17 + -2 - (4 + -1)
5
What is the value of (-26 - -26) + 1 + 0?
1
What is 1 - (15 + -6 + -9)?
1
2 + -2 + -4 + 2 + 1
-1
What is (2 - 8) + 1 + 5 + -5?
-5
What is (0 - -8) + (9 - 21) + 10?
6
Calculate 4 - (0 - 1) - 1.
4
What is the value of -2 - -1 - -6 - (69 + -67)?
3
What is 19 + (-1 - (11 + -2))?
9
4 - 1 - (-5 - -9)
-1
What is the value of 28 - 30 - (-3 - 1) - 7?
-5
Evaluate -11 - ((10 - 13) + -7).
-1
What is -69 + 70 - (1 - 0 - 3)?
3
What is the value of 1 - (-4 + (4 - -3)) - -6?
4
What is the value of -7 + -6 + 16 - (7 - 1)?
-3
-10 + 0 + (117 - 109)
-2
3 + (-18 - (-10 + 1))
-6
(0 - (0 - -2)) + -2 + 5
1
0 + 3 - -2 - (18 + -19)
6
3 + (-1 - -4) + -10
-4
12 - (0 + 9) - (0 + 8)
-5
-5 + 0 + -4 + 0 + 6
-3
Evaluate (0 - (3 + -3)) + -4.
-4
Evaluate -3 - -8 - 4 - -1.
2
What is -7 + (-7 - (-2 + -8))?
-4
Calculate 25 - 8 - 10 - 6.
1
What is the value of 2 + (-1 + -6 - (-6 - -6))?
-5
What is the value of -6 + -1 - (31 - 29)?
-9
What is the value of (30 - 14 - 4) + -1?
11
Evaluate (2 - -2 - (10 - 8)) + 3.
5
-6 + 1 + 2 + 3
0
What is the value of 16 - (7 + 1) - 13?
-5
-16 + 8 + -2 - (-2 + -1)
-7
What is the value of 5 + -11 + 3 + 3 + 5?
5
3 + (-6 - 0) - (1 + -3)
-1
What is the value of -3 - -1 - (-1 + 2)?
-3
Calculate 6 + (-7 - 5) + 4.
-2
Calculate (-6 - (-4 + -3 + 2)) + -5.
-6
(5 - 8) + 2 + (-2 - -1)
-2
5 + (-5 - -4) + -8
-4
What is (-4 - (-6 + 2)) + 5?
5
Evaluate -4 - (-3 + 3 + 1 + -1).
-4
What is the value of 1 + -1 - ((2 - 13) + 8)?
3
Evaluate -3 + -1 + (-28 - -32).
0
What is the value of 2 - 2 - 2 - 2?
-4
What is 2 + 2 + -3 - -2?
3
Evaluate 1 + -1 + (0 - -4) - -4.
8
-2 + -2 + -6 + (6 - -4)
0
Evaluate (-8 - (-15 + 6)) + 1 + 1.
3
-3 + (-2 - -8) - 4
-1
What is (-1 - 2) + -2 + 6?
1
2 + 4 + -8 + 6 - 5
-1
9 + (-24 + 13 - -6)
4
Calculate -3 - 0 - -3 - (-2 + 6).
-4
Calculate (-8 - -3 - -8) + -10.
-7
What is the value of -23 + 36 - (-1 + 7 - 0)?
7
What is the value of -1 + -1 + 5 + 4 + 1?
8
Calculate -10 + 12 + (1 - -1).
4
Calculate 8 + (-17 - -4) + 10.
5
1 - -2 - (-48 + 50) - -2
3
What is 2 + 6 + 4 + -9?
3
What is the value of -4 + (-10 - -6 - -10)?
2
What is (-9 - -10 - 1) + 3 + 2?
5
Calculate 3 - ((-1 - -1) + -1) - 3.
1
Calculate 7 + (4 - 12) - -12.
11
What is 7 - (-6 - -7) - 10?
-4
Calculate 0 + 3 + -4 - 4.
-5
Calculate (0 - (-7 + 7)) + 4.
4
-5 - (0 + -3) - -1
-1
Evaluate -2 + -2 + 1 - (-4 + 3).
-2
What is the value of -6 - (-4 + (-2 - -4))?
-4
Calculate 5 - (-4 + -4 - (17 - 24)).
6
Calculate (6 - 4) + -2 + -1 - 4.
-5
Evaluate (-1 - 0 - 1) + (81 - 83).
-4
What is the value of (4 - 5) + 2 - 2?
-1
Evaluate (-2 - 6) + (6 - 2).
-4
Evaluate -5 - -12 - (2 + 2).
3
What is -1 + (-5 - -2) - -9?
5
What is the value of -3 - -6 - (5 - 4)?
2
5 + (10 - 22) + 3
-4
What is the value of 0 - (-4 - 1 - -7)?
-2
Calculate -1 + (0 + 1 + 2 - 1).
1
Calculate -6 + -1 + 12 + -1.
4
What is -1 - (-1 - (1 - -2))?
3
What is 3 - 9 - (-28 - -22)?
0
-12 + -4 + (-5 - -2) + 12
-7
What is the value of 4 + -1 + (2 - 3)?
2
Evaluate -4 - (-10 - (0 + -5)).
1
Calculate 2 + (9 - 24) - -7.
-6
Evaluate 4 + -11 - (-15 + 14).
-6
0 + 4 + (-28 - -21)
-3
Calculate -7 + (-7 - -22 - (0 - -4)).
4
Calculate 0 - (0 + 2 + -7).
5
(-3 - -2 - 2) + -3 + 3
-3
What is the value of 1 + 1 + (2 + -1 - 2)?
1
Calculate -7 + 1 + 15 + -4.
5
-1 + (3 + 3 + -3 - 6)
-4
What is -2 + -2 - (-3 + -7 - -5)?
1
Calculate 0 + (1 - -12) + (8 - 12).
9
Evaluate -1 + 6 + 6 + -10.
1
Calculate -325 + 307 + (15 - 0).
-3
Calculate -2 - -1 - -5 - (29 - 28).
3
What is -6 + 8 + -5 + (-1 - 0)?
-4
What is 2 - 3 - 2 - -2 - 2?
-3
What is 5 - (8 + -3 + -5)?
5
What is the value of -4 + 0 + (0 - -2) - 2?
-4
Calculate (1 - 5) + -19 + 24.
1
What is 4 + 1 - (-7 + -8 + 16)?
4
1 - (-2 + 4 + -4)
3
What is the value of 7 + -1 + -19 + 3?
-10
What is the value of (-6 - -10) + 8 + -7?
5
Calculate (14 - 9) + 2 + 0.
7
Calculate (14 + -3 - 27) + 7.
-9
What is the value of -4 + 9 + (3 - (-2 + 4))?
6
Evaluate 2 - (-4 - -11) - 1.
-6
What is the value of 2 + -3 + 4 + 1 - 3?
1
What is -3 - -5 - ((-4 - -1) + 3)?
2
What is -4 + 12 + 1 - 6?
3
Calculate (-3 - -1) + 4 + -1.
1
-1 - (-6 + 3) - 0
2
What is -1 + (4 - -3) - 9 - -7?
4
Calculate (-10 - (-6 - 0)) + 7.
3
What is the value of 4 - ((4 - -2) + (-1 - 1))?
0
What is the value of -5 + 3